29. Calculate the remainder when u/(-2) - (2 + 7/(-2)) is divided by z.
19
Let r = -59 + 74. Suppose 5*o - r = 80. Calculate the remainder when 54 is divided by o.
16
Let f = -28 - 10. Let z = f + 61. What is the remainder when z is divided by 6?
5
Suppose 5*k + 3*k = 40. Calculate the remainder when k is divided by 2.
1
Calculate the remainder when (-640)/(-8) + 3 + -7 is divided by 42.
34
Let y = -313 - -488. Calculate the remainder when y is divided by 60.
55
Suppose -9*r - 150 = -14*r. What is the remainder when 147 is divided by r?
27
Suppose 4*a + 2*z + 4 - 6 = 0, -4*z - 5 = 5*a. Suppose a*o + o + 188 = 4*c, 115 = 2*c + 5*o. Calculate the remainder when c is divided by 13.
11
Suppose -10 = 4*n + m - 132, 3*n + 4*m - 85 = 0. What is the remainder when n is divided by (-3)/18 - 49/(-6)?
7
Let x = 12 - 0. What is the remainder when 167 - (-7 - -3) - -8 is divided by x?
11
Let v(u) = u**2 - 3*u + 9. Let g be v(7). Let c = -115 - -134. Let x = g - c. What is the remainder when 70 is divided by x?
16
Let t(r) = -r**2 - 22*r - 85. What is the remainder when 11 is divided by t(-6)?
0
Suppose 3*u + 26 = 53. Suppose -2*q = -5*q - u, 0 = 3*c - 2*q + 15. What is the remainder when 18 is divided by (2 - c) + -3 + 4?
8
Suppose 91*b - 98*b + 931 = 0. Calculate the remainder when b is divided by 17.
14
Suppose -32 = -3*i - 5*q, 3*q - q + 4 = 0. Calculate the remainder when 107 is divided by i.
9
Let c(r) = 2*r**3 + 36*r**2 + 26. Calculate the remainder when 51 is divided by c(-18).
25
Let s(o) = 6*o**2 - 2*o + 3. Let b(k) = -2*k + 49. Let h(i) = -i + 25. Let q(a) = -3*b(a) + 7*h(a). Calculate the remainder when s(2) is divided by q(22).
5
Let d(o) = o**3 - 8*o**2 + 9*o - 12. Let z be d(7). Suppose 5*y - 45 = z*s + 3*s, -4*y + 2*s = -36. What is the remainder when 42 is divided by y?
6
Let u be (4 - 7)/((-3)/10). Suppose 0 = -u*a + 11*a - 18. What is the remainder when 53 is divided by a?
17
Suppose -70*c + 899 = -69*c. Calculate the remainder when c is divided by 90.
89
Let o = -16 - 13. Suppose 3*a = 6*a - 123. Let u = o + a. What is the remainder when 34 is divided by u?
10
Let o = 156 - -1. Calculate the remainder when o is divided by 41.
34
Let o = 283 + 297. Calculate the remainder when o is divided by 45.
40
Let u = -57 - -59. Suppose -55 = -u*l + l - 3*g, 5*l + 3*g - 311 = 0. Calculate the remainder when l is divided by 24.
16
Let x = -102 - -104. What is the remainder when 49 is divided by (-31)/(-93) + (-64)/(-6) + x?
10
Suppose -3*d + 71 = z, -9*z + 5*z + 284 = d. What is the remainder when 495 is divided by z?
69
Let o(j) = 6*j - 36. Suppose -4*u - 17 = r - 2*r, 3*u - 16 = -5*r. Calculate the remainder when u - (82/(-2) + -3) is divided by o(7).
5
Let o(a) = a**3 + 8*a**2 - a - 29. Calculate the remainder when o(-7) is divided by 17.
10
Let b = 174 - -22. Calculate the remainder when b is divided by 77.
42
Let m(f) = 3*f - 11. Let q be m(5). Suppose -j + 3*h = 9, 0 = q*j + 4*h + 12 + 40. Let z = j - -25. Calculate the remainder when 22 is divided by z.
9
Suppose -4*a + 25 = -4*w + 5*w, -3*a = w - 20. Suppose 8 = w*h - 7. Let v = 23 - h. Calculate the remainder when 56 is divided by v.
16
What is the remainder when (14 + 10)*((-2 - 0) + 4) is divided by 17?
14
What is the remainder when 62 is divided by 1/(5/3 - (-44)/(-27))?
8
Let r(v) = -v**2 + 6*v - 7. Let t be r(7). What is the remainder when (-1180)/t + 42/(-147) is divided by 24?
12
Let q be 33 - 8/(3 - 7). Suppose 2*z + 5*k = -0*k + q, 0 = -2*z + k + 41. What is the remainder when 71 is divided by z?
11
Let a(m) be the second derivative of -m**5/20 - m**4 - m**3/6 + 15*m**2/2 + 7*m. What is the remainder when 53 is divided by a(-12)?
26
Let h(w) = -w**2 + 11*w + 4. Let a be h(10). Let l = a + -1. Let b = 31 + 7. Calculate the remainder when b is divided by l.
12
Suppose -4*v = 4*f - 4, -4*f - 10 = -3*v + 14. Suppose t = -v*t. Suppose t = 2*g + 2*g - 8. Calculate the remainder when 2 is divided by g.
0
Let o(a) = 2*a**3 + 4*a**2 - a + 1. Suppose -3*b + b - 4 = 0. Let p be o(b). Let m = 41 - p. Calculate the remainder when m is divided by 10.
8
Suppose 5*v + 4*n - 38 = 0, -4*v + 25 = -0*v + 5*n. What is the remainder when 34 is divided by v?
4
Let j(b) = 17*b**2 - 97*b + 9. Let l = 24 + -1. Calculate the remainder when j(6) is divided by l.
16
Let n be (18*-1)/6 - (-17 - 1). Let m = n + -7. Let s(i) = -i**3 - 5*i**2 + 2*i - 3. Calculate the remainder when s(-6) is divided by m.
5
Suppose -197*o + 19045 = -5136 - 247. What is the remainder when o is divided by (-12)/5*45/(-6)?
16
Suppose -4*w + 0*z + 332 = -5*z, 4*z + 328 = 4*w. Let i(t) = -t**2 - 10*t - 1. Calculate the remainder when w is divided by i(-7).
18
What is the remainder when 96 is divided by (-27)/324 - (-1011)/36?
12
Suppose 3*g + 2*j = 826, 0*j + 1100 = 4*g + 3*j. What is the remainder when g is divided by 70?
68
Let l = 281 + -275. Calculate the remainder when 38 is divided by l.
2
Let u = -59 + 179. Calculate the remainder when 69 is divided by 73*(-1)/(-2) - u/80.
34
Suppose -6*y - 29 - 43 = 0. Let w(b) = -8*b**3 - b. What is the remainder when (-432)/y - (1 - 3) - 3 is divided by w(-1)?
8
Let z = -2 - -1. What is the remainder when (10/(-4))/(z/4) is divided by 1/7 - 205/(-35)?
4
Calculate the remainder when 528 is divided by (-2)/3 + (-5916)/(-153).
34
Let k(q) = q**2 - 21*q + 150. Calculate the remainder when k(17) is divided by (-8)/10*30/(-2).
10
Suppose 92 = x - 4*h - 269, -1374 = -4*x + 2*h. What is the remainder when x is divided by 38?
37
Suppose 0 = -5*h + 28 + 7. What is the remainder when ((-12)/(-7))/((-42)/(-441)) is divided by h?
4
Suppose 0 = 32*z - 1087 - 257. What is the remainder when 1215 is divided by z?
39
Suppose 0 = 62*r - 71*r + 2484. What is the remainder when r is divided by 47?
41
Let w = -1584 + 1594. What is the remainder when 1627 is divided by w?
7
Let a(o) = o**3 + 11*o**2 - 5*o. Let u(b) = 18*b - 238. Calculate the remainder when a(-11) is divided by u(14).
13
Suppose -4*a = 5*t - 41, -2*t = -2*a + 6*a - 26. Let f = 9 - 4. Suppose x - 19 = -f. Calculate the remainder when x is divided by t.
4
Let o be 2/(-14) - 682/(-217). Suppose p + o*j + 22 = 93, p + j = 81. Calculate the remainder when p is divided by 22.
20
Suppose 2*z - 130 = -4*f - 0*f, -248 = -4*z - 5*f. Let n(w) = 5*w**2 - 2*w - 1. Suppose 3*g = 4*g - 2. Calculate the remainder when z is divided by n(g).
12
Let f = -40 + 77. What is the remainder when f is divided by 1/(5/(-5 - -70))?
11
Suppose 0 = -21*x + 19*x - 8. Let b(o) = o**2 + 2*o + 3. What is the remainder when 21 is divided by b(x)?
10
Let n = 916 - 783. What is the remainder when 271 is divided by n?
5
Calculate the remainder when 45 - (4 + -1 + -1) is divided by 1*16/(-6)*90/(-20).
7
Let k(j) = j**3 - 4*j**2 + 4*j - 2. Let f(y) = -2*y**3 + 4*y**2 - 3*y + 2. Let b(c) = -4*f(c) - 5*k(c). Calculate the remainder when b(2) is divided by 10.
6
Suppose 0 = -0*q - q + 213. Suppose 2*l - 96 = 4*n, -n - q = 3*l - 8*l. What is the remainder when 125 is divided by l?
41
Let z(u) = u**3 - 3*u**2 - 2*u + 13. Calculate the remainder when 245 is divided by z(4).
14
Let k = -211 - -233. Calculate the remainder when 548 is divided by k.
20
Let g(q) = -16*q - 8. Let u(b) = 18*b**2 - 4. What is the remainder when u(-3) is divided by g(-3)?
38
Suppose 4*p + 4*t - 1745 = -177, -4*p + 3*t + 1603 = 0. What is the remainder when p is divided by 100?
97
Let u(v) = v**3 + 6*v**2 - 10*v - 10. Let z be u(-7). Let a = z + -9. Calculate the remainder when -6 + 7 + 3 + -1 is divided by a.
1
Suppose -3*p + 3*l - 4*l + 17 = 0, -2 = 2*p + 4*l. Calculate the remainder when p is divided by ((-12)/(-18) - 1)/(2/(-30)).
2
Let q = 662 + -615. Calculate the remainder when q is divided by 10.
7
Let y = 171 - 156. Suppose -5*d = 4*s - y, -d - s - 4*s = -3. Calculate the remainder when 6 is divided by d.
0
Calculate the remainder when 131/4 + 4/16 is divided by ((-522)/232)/(2/(-8)).
6
Let u(o) = 6*o + 65. Suppose -g = 5*g. Let t = 14 + 3. Calculate the remainder when u(g) is divided by t.
14
Let o = -51 - -293. What is the remainder when o is divided by 62?
56
Let w be (0 - -3)/3 + 2. Let i = 3 + 1. Calculate the remainder when (w - 5)/((-4)/24) is divided by i.
0
Calculate the remainder when 42 is divid